{"id":844,"date":"2024-07-17T10:00:03","date_gmt":"2024-07-17T08:00:03","guid":{"rendered":"https:\/\/fliegerclub.info\/?page_id=844"},"modified":"2025-01-29T12:11:57","modified_gmt":"2025-01-29T11:11:57","slug":"2022-ausflug-langeooe-3-2-3","status":"publish","type":"page","link":"https:\/\/fliegerclub.info\/?page_id=844","title":{"rendered":"2023 AZF Kurs"},"content":{"rendered":"\n<h2 class=\"wp-block-heading has-text-align-center\">AZF Kurz Herbst 2023<\/h2>\n\n\n\n<p>Auch im Herbst 2023 konnten wir wieder einen AZF Kurs f\u00fcr unsere Mitglieder anbieten, Als Referenten standen uns nochmals zwei Profis vom der Eurocontrol zur Verf\u00fcgung. Alle Teilnehmer haben die Abschlusspr\u00fcfung bestanden und wir gratulieren sehr herzlich.<\/p>\n","protected":false},"excerpt":{"rendered":"<p>AZF Kurz Herbst 2023 Auch im Herbst 2023 konnten wir wieder einen AZF Kurs f\u00fcr unsere Mitglieder anbieten, Als Referenten standen uns nochmals zwei Profis vom der Eurocontrol zur Verf\u00fcgung. Alle Teilnehmer haben die Abschlusspr\u00fcfung bestanden und wir gratulieren sehr herzlich.<\/p>\n","protected":false},"author":3,"featured_media":0,"parent":181,"menu_order":6,"comment_status":"closed","ping_status":"closed","template":"","meta":{"footnotes":""},"class_list":["post-844","page","type-page","status-publish","hentry"],"_links":{"self":[{"href":"https:\/\/fliegerclub.info\/index.php?rest_route=\/wp\/v2\/pages\/844","targetHints":{"allow":["GET"]}}],"collection":[{"href":"https:\/\/fliegerclub.info\/index.php?rest_route=\/wp\/v2\/pages"}],"about":[{"href":"https:\/\/fliegerclub.info\/index.php?rest_route=\/wp\/v2\/types\/page"}],"author":[{"embeddable":true,"href":"https:\/\/fliegerclub.info\/index.php?rest_route=\/wp\/v2\/users\/3"}],"replies":[{"embeddable":true,"href":"https:\/\/fliegerclub.info\/index.php?rest_route=%2Fwp%2Fv2%2Fcomments&post=844"}],"version-history":[{"count":1,"href":"https:\/\/fliegerclub.info\/index.php?rest_route=\/wp\/v2\/pages\/844\/revisions"}],"predecessor-version":[{"id":937,"href":"https:\/\/fliegerclub.info\/index.php?rest_route=\/wp\/v2\/pages\/844\/revisions\/937"}],"up":[{"embeddable":true,"href":"https:\/\/fliegerclub.info\/index.php?rest_route=\/wp\/v2\/pages\/181"}],"wp:attachment":[{"href":"https:\/\/fliegerclub.info\/index.php?rest_route=%2Fwp%2Fv2%2Fmedia&parent=844"}],"curies":[{"name":"wp","href":"https:\/\/api.w.org\/{rel}","templated":true}]}}