{"id":779,"date":"2023-10-13T21:06:34","date_gmt":"2023-10-13T19:06:34","guid":{"rendered":"https:\/\/fliegerclub.info\/?page_id=779"},"modified":"2023-10-15T18:18:12","modified_gmt":"2023-10-15T16:18:12","slug":"2022-ausflug-langeooe-3-2-2","status":"publish","type":"page","link":"https:\/\/fliegerclub.info\/?page_id=779","title":{"rendered":"2023 Clubausflug nach Marburg"},"content":{"rendered":"\n<h2 class=\"wp-block-heading has-text-align-center\">Juni 2023 Clubausflug nach Marburg<\/h2>\n\n\n\n<p class=\"has-text-align-center\">Am 3 Juni 2023, einem sonnigen Samstag, ging es f\u00fcr die Flieger des FCMs nach Marburg (EDFN) um die historische Altstadt und kulinarischen K\u00f6stlichkeiten der mittelhessischen Metropole zu erkunden. Auf dem Weg gab es eine kleine Schnitzeljagt, um den 55 min\u00fctigen Flug noch ein wenig kurzweiliger zu gestalten.<\/p>\n\n\n\n<p class=\"has-text-align-center\">In Marburg sanft gelandet und nach einer k\u00f6stlichen St\u00e4rkung im lokalen Flugplatzrestaurant ging es weiter ins Herz einer der \u00e4ltesten Universit\u00e4tst\u00e4dte Deutschlands. Dort bewegten sich, ganz irdisch auf zwei Beiden, die Flieger auf den Spuren der Gebr\u00fcder Grimm und der heiligen Elisabeth durch die mitelalterliche Oberstadt. Mit einem ausf\u00fchrlichen Abstecher in die hessische Geschichte des Mittelalters wurde der H\u00f6hepunkt der Reise, das Marburg Landgrafenschloss, erreicht. Nach diesem hei\u00dfen Sommertag, kehrten die m\u00fcden aber gut gelauten Flieger zum traditionnellen (\ud83d\ude09) bretonisch Abendessen mit leckerem Cidre und Galette ein.<\/p>\n\n\n\n<p class=\"has-text-align-center\">Alles in allem kann man sagen, dass Marburg immer eine Reise wert ist.<\/p>\n\n\n\n<figure class=\"wp-block-gallery has-nested-images columns-default is-cropped wp-block-gallery-1 is-layout-flex wp-block-gallery-is-layout-flex\">\n<figure class=\"wp-block-image size-large\"><img loading=\"lazy\" decoding=\"async\" width=\"1024\" height=\"577\" data-id=\"794\" src=\"https:\/\/fliegerclub.info\/wp-content\/uploads\/2023\/10\/20230603_182525-1024x577.jpg\" alt=\"\" class=\"wp-image-794\" srcset=\"https:\/\/fliegerclub.info\/wp-content\/uploads\/2023\/10\/20230603_182525-1024x577.jpg 1024w, https:\/\/fliegerclub.info\/wp-content\/uploads\/2023\/10\/20230603_182525-300x169.jpg 300w, https:\/\/fliegerclub.info\/wp-content\/uploads\/2023\/10\/20230603_182525-768x432.jpg 768w, https:\/\/fliegerclub.info\/wp-content\/uploads\/2023\/10\/20230603_182525-1536x865.jpg 1536w, https:\/\/fliegerclub.info\/wp-content\/uploads\/2023\/10\/20230603_182525-2048x1153.jpg 2048w, https:\/\/fliegerclub.info\/wp-content\/uploads\/2023\/10\/20230603_182525-1918x1080.jpg 1918w\" sizes=\"auto, (max-width: 1024px) 100vw, 1024px\" \/><\/figure>\n\n\n\n<figure class=\"wp-block-image size-large\"><img loading=\"lazy\" decoding=\"async\" width=\"1024\" height=\"577\" data-id=\"793\" src=\"https:\/\/fliegerclub.info\/wp-content\/uploads\/2023\/10\/20230603_143433-1024x577.jpg\" alt=\"\" class=\"wp-image-793\" srcset=\"https:\/\/fliegerclub.info\/wp-content\/uploads\/2023\/10\/20230603_143433-1024x577.jpg 1024w, https:\/\/fliegerclub.info\/wp-content\/uploads\/2023\/10\/20230603_143433-300x169.jpg 300w, https:\/\/fliegerclub.info\/wp-content\/uploads\/2023\/10\/20230603_143433-768x432.jpg 768w, https:\/\/fliegerclub.info\/wp-content\/uploads\/2023\/10\/20230603_143433-1536x865.jpg 1536w, https:\/\/fliegerclub.info\/wp-content\/uploads\/2023\/10\/20230603_143433-2048x1153.jpg 2048w, https:\/\/fliegerclub.info\/wp-content\/uploads\/2023\/10\/20230603_143433-1918x1080.jpg 1918w\" sizes=\"auto, (max-width: 1024px) 100vw, 1024px\" \/><\/figure>\n\n\n\n<figure class=\"wp-block-image size-large\"><img loading=\"lazy\" decoding=\"async\" width=\"1024\" height=\"577\" data-id=\"792\" src=\"https:\/\/fliegerclub.info\/wp-content\/uploads\/2023\/10\/20230603_143056-1024x577.jpg\" alt=\"\" class=\"wp-image-792\" srcset=\"https:\/\/fliegerclub.info\/wp-content\/uploads\/2023\/10\/20230603_143056-1024x577.jpg 1024w, https:\/\/fliegerclub.info\/wp-content\/uploads\/2023\/10\/20230603_143056-300x169.jpg 300w, https:\/\/fliegerclub.info\/wp-content\/uploads\/2023\/10\/20230603_143056-768x432.jpg 768w, https:\/\/fliegerclub.info\/wp-content\/uploads\/2023\/10\/20230603_143056-1536x865.jpg 1536w, https:\/\/fliegerclub.info\/wp-content\/uploads\/2023\/10\/20230603_143056-2048x1153.jpg 2048w, https:\/\/fliegerclub.info\/wp-content\/uploads\/2023\/10\/20230603_143056-1918x1080.jpg 1918w\" sizes=\"auto, (max-width: 1024px) 100vw, 1024px\" \/><\/figure>\n\n\n\n<figure class=\"wp-block-image size-large\"><img loading=\"lazy\" decoding=\"async\" width=\"1024\" height=\"577\" data-id=\"795\" src=\"https:\/\/fliegerclub.info\/wp-content\/uploads\/2023\/10\/20230604_011827-1-1024x577.jpg\" alt=\"\" class=\"wp-image-795\" srcset=\"https:\/\/fliegerclub.info\/wp-content\/uploads\/2023\/10\/20230604_011827-1-1024x577.jpg 1024w, https:\/\/fliegerclub.info\/wp-content\/uploads\/2023\/10\/20230604_011827-1-300x169.jpg 300w, https:\/\/fliegerclub.info\/wp-content\/uploads\/2023\/10\/20230604_011827-1-768x432.jpg 768w, https:\/\/fliegerclub.info\/wp-content\/uploads\/2023\/10\/20230604_011827-1-1536x865.jpg 1536w, https:\/\/fliegerclub.info\/wp-content\/uploads\/2023\/10\/20230604_011827-1-2048x1153.jpg 2048w, https:\/\/fliegerclub.info\/wp-content\/uploads\/2023\/10\/20230604_011827-1-1918x1080.jpg 1918w\" sizes=\"auto, (max-width: 1024px) 100vw, 1024px\" \/><\/figure>\n<\/figure>\n\n\n\n<p><\/p>\n\n\n\n<p><\/p>\n\n\n\n<p><\/p>\n","protected":false},"excerpt":{"rendered":"<p>Juni 2023 Clubausflug nach Marburg Am 3 Juni 2023, einem sonnigen Samstag, ging es f\u00fcr die Flieger des FCMs nach Marburg (EDFN) um die historische Altstadt und kulinarischen K\u00f6stlichkeiten der mittelhessischen Metropole zu erkunden. Auf dem Weg gab es eine kleine Schnitzeljagt, um den 55 min\u00fctigen Flug noch ein wenig kurzweiliger zu gestalten. In Marburg&hellip; <br \/> <a class=\"read-more\" href=\"https:\/\/fliegerclub.info\/?page_id=779\">Weiterlesen<\/a><\/p>\n","protected":false},"author":3,"featured_media":0,"parent":181,"menu_order":8,"comment_status":"closed","ping_status":"closed","template":"","meta":{"footnotes":""},"class_list":["post-779","page","type-page","status-publish","hentry"],"_links":{"self":[{"href":"https:\/\/fliegerclub.info\/index.php?rest_route=\/wp\/v2\/pages\/779","targetHints":{"allow":["GET"]}}],"collection":[{"href":"https:\/\/fliegerclub.info\/index.php?rest_route=\/wp\/v2\/pages"}],"about":[{"href":"https:\/\/fliegerclub.info\/index.php?rest_route=\/wp\/v2\/types\/page"}],"author":[{"embeddable":true,"href":"https:\/\/fliegerclub.info\/index.php?rest_route=\/wp\/v2\/users\/3"}],"replies":[{"embeddable":true,"href":"https:\/\/fliegerclub.info\/index.php?rest_route=%2Fwp%2Fv2%2Fcomments&post=779"}],"version-history":[{"count":6,"href":"https:\/\/fliegerclub.info\/index.php?rest_route=\/wp\/v2\/pages\/779\/revisions"}],"predecessor-version":[{"id":802,"href":"https:\/\/fliegerclub.info\/index.php?rest_route=\/wp\/v2\/pages\/779\/revisions\/802"}],"up":[{"embeddable":true,"href":"https:\/\/fliegerclub.info\/index.php?rest_route=\/wp\/v2\/pages\/181"}],"wp:attachment":[{"href":"https:\/\/fliegerclub.info\/index.php?rest_route=%2Fwp%2Fv2%2Fmedia&parent=779"}],"curies":[{"name":"wp","href":"https:\/\/api.w.org\/{rel}","templated":true}]}}