{"id":231,"date":"2019-07-04T09:37:16","date_gmt":"2019-07-04T07:37:16","guid":{"rendered":"http:\/\/fcm.lwts.de\/?page_id=231"},"modified":"2021-06-21T09:38:25","modified_gmt":"2021-06-21T07:38:25","slug":"azf-kurs-2008","status":"publish","type":"page","link":"https:\/\/fliegerclub.info\/?page_id=231","title":{"rendered":"AZF-KURS  2008"},"content":{"rendered":"\n<h1 class=\"wp-block-heading\">AZF-KURS BEIM FCM 2008<\/h1>\n\n\n\n<div class=\"wp-block-columns has-2-columns is-layout-flex wp-container-core-columns-is-layout-1 wp-block-columns-is-layout-flex\">\n<div class=\"wp-block-column is-layout-flow wp-block-column-is-layout-flow\">\n<figure class=\"wp-block-image\"><img loading=\"lazy\" decoding=\"async\" width=\"300\" height=\"225\" src=\"http:\/\/fliegerclub.info\/wp-content\/uploads\/2019\/07\/fcm-azf2008.jpg\" alt=\"\" class=\"wp-image-232\"\/><\/figure>\n<\/div>\n\n\n\n<div class=\"wp-block-column is-layout-flow wp-block-column-is-layout-flow\">\n<p><strong>AZF Kurs 11.12.2007 \u2013 15.2.2008<\/strong><\/p>\n<\/div>\n<\/div>\n\n\n\n<p>In dem Zeitraum 11.12.2007 bis 15.2.2008 haben zehn Mitglieder des FCM f\u00fcr das AZF geb\u00fcffelt und sich in der kurzen aber pr\u00e4gnanten Ausdrucksweise ge\u00fcbt. Ein Teil von uns wollte dabei nur altes Wissen auffrischen, einige waren g\u00e4nzlich neu in der Materie.<\/p>\n\n\n\n<p>Zur Bildergalerie AZF Jeweils Mittwochs und Donnerstags hat G\u00fcnter Kelb uns trainiert und in die Geheimnisse der IFR-Fliegerei eingef\u00fchrt.<\/p>\n\n\n\n<p>Mit viel Geduld und nicht endender Ausdauer wurden SID\u00b4s und STAR\u00b4s abgeflogen, soda\u00df wir sicherlich einige hundert Flugstunden virtuell unterwegs gewesen sind.<\/p>\n\n\n\n<p>Lost-Com war dabei allgegenw\u00e4rtig. Noch nie sind so viele Funkger\u00e4te kaputt gegangen wie in diesem Kurs.<\/p>\n\n\n\n<p>Am 15.2.2008 kam der gro\u00dfe Tag der Pr\u00fcfung, die im FCM-Clubheim in Merzbr\u00fcck abgenommen werden konnte. Nun gibt es f\u00fcnf Neulinge, vor denen die IFR-Welt nicht mehr ganz sicher ist.<br>(CG)<\/p>\n","protected":false},"excerpt":{"rendered":"<p>AZF-KURS BEIM FCM 2008 AZF Kurs 11.12.2007 \u2013 15.2.2008 In dem Zeitraum 11.12.2007 bis 15.2.2008 haben zehn Mitglieder des FCM f\u00fcr das AZF geb\u00fcffelt und sich in der kurzen aber pr\u00e4gnanten Ausdrucksweise ge\u00fcbt. Ein Teil von uns wollte dabei nur altes Wissen auffrischen, einige waren g\u00e4nzlich neu in der Materie. Zur Bildergalerie AZF Jeweils Mittwochs&hellip; <br \/> <a class=\"read-more\" href=\"https:\/\/fliegerclub.info\/?page_id=231\">Weiterlesen<\/a><\/p>\n","protected":false},"author":1,"featured_media":0,"parent":181,"menu_order":23,"comment_status":"closed","ping_status":"closed","template":"","meta":{"footnotes":""},"class_list":["post-231","page","type-page","status-publish","hentry"],"_links":{"self":[{"href":"https:\/\/fliegerclub.info\/index.php?rest_route=\/wp\/v2\/pages\/231","targetHints":{"allow":["GET"]}}],"collection":[{"href":"https:\/\/fliegerclub.info\/index.php?rest_route=\/wp\/v2\/pages"}],"about":[{"href":"https:\/\/fliegerclub.info\/index.php?rest_route=\/wp\/v2\/types\/page"}],"author":[{"embeddable":true,"href":"https:\/\/fliegerclub.info\/index.php?rest_route=\/wp\/v2\/users\/1"}],"replies":[{"embeddable":true,"href":"https:\/\/fliegerclub.info\/index.php?rest_route=%2Fwp%2Fv2%2Fcomments&post=231"}],"version-history":[{"count":2,"href":"https:\/\/fliegerclub.info\/index.php?rest_route=\/wp\/v2\/pages\/231\/revisions"}],"predecessor-version":[{"id":447,"href":"https:\/\/fliegerclub.info\/index.php?rest_route=\/wp\/v2\/pages\/231\/revisions\/447"}],"up":[{"embeddable":true,"href":"https:\/\/fliegerclub.info\/index.php?rest_route=\/wp\/v2\/pages\/181"}],"wp:attachment":[{"href":"https:\/\/fliegerclub.info\/index.php?rest_route=%2Fwp%2Fv2%2Fmedia&parent=231"}],"curies":[{"name":"wp","href":"https:\/\/api.w.org\/{rel}","templated":true}]}}