{"id":183,"date":"2019-07-04T09:21:17","date_gmt":"2019-07-04T07:21:17","guid":{"rendered":"http:\/\/fcm.lwts.de\/?page_id=183"},"modified":"2021-06-21T09:38:25","modified_gmt":"2021-06-21T07:38:25","slug":"reims-fcm-2013","status":"publish","type":"page","link":"https:\/\/fliegerclub.info\/?page_id=183","title":{"rendered":"Reims FCM 2013"},"content":{"rendered":"\n<h2 class=\"wp-block-heading\"> AEROCLUB REIMS \u2013 FCM 2013 <\/h2>\n\n\n\n<div class=\"wp-block-columns has-2-columns is-layout-flex wp-container-core-columns-is-layout-1 wp-block-columns-is-layout-flex\">\n<div class=\"wp-block-column is-layout-flow wp-block-column-is-layout-flow\">\n<figure class=\"wp-block-image\"><img loading=\"lazy\" decoding=\"async\" width=\"300\" height=\"225\" src=\"http:\/\/fliegerclub.info\/wp-content\/uploads\/2019\/07\/fcm-reims2013.jpg\" alt=\"\" class=\"wp-image-184\"\/><\/figure>\n<\/div>\n\n\n\n<div class=\"wp-block-column is-layout-flow wp-block-column-is-layout-flow\">\n<p>Die beiden Vereine statten sich im Jahresturnus abwechselnd einen Freundschaftsbesuch ab.&nbsp;<\/p>\n\n\n\n<p>In diesem Jahr kamen die Reimser am 21. und 22. September zu uns nach Aachen.&nbsp;<\/p>\n\n\n\n<p>Nach der Ankunft in EDKA und der Begr\u00fcssung im Clubheim wurde ein touristischer Flug mit deutsch-franz\u00f6sischen Besatzungen durchgef\u00fchrt. Dabei waren kleine Aufgaben zu erledigen bzw. Fragen zu beantworten.&nbsp;<\/p>\n\n\n\n<p>Zum Abendessen trafen wir uns im Restaurant Albatros am Flugplatz.<\/p>\n<\/div>\n<\/div>\n\n\n\n<p>\n\nAm Sonntag Morgen sind wir dann nach einem gemeinsamen Fr\u00fchst\u00fcck im Clubheim mit dem Bus zum Kraftwerk Heimbach gefahren. Wir erlebten in diesem Jugendstil-Kraftwerk, das in den letzten Jahren auch \u00fcberregional bekannt wurde durch das j\u00e4hrlich in der Turbinenhalle stattfindende Musikfest \u201eSchwingungen\u201c eine eigene F\u00fchrung. Wie es bei unseren deutsch-franz\u00f6sischen Begegnungen so ist, \u00fcbersetzte Walter Thiels den deutschen F\u00fchrungstext souver\u00e4n und simultan ins Franz\u00f6sische. Alle Achtung! Danach ging es im Bus (Guido Struck) zur\u00fcck und nach einem kleinen Imbiss verabschiedeten sich unsere G\u00e4ste in Richtung franz\u00f6sische Heimat. (gs)\n\n<\/p>\n","protected":false},"excerpt":{"rendered":"<p>AEROCLUB REIMS \u2013 FCM 2013 Die beiden Vereine statten sich im Jahresturnus abwechselnd einen Freundschaftsbesuch ab.&nbsp; In diesem Jahr kamen die Reimser am 21. und 22. September zu uns nach Aachen.&nbsp; Nach der Ankunft in EDKA und der Begr\u00fcssung im Clubheim wurde ein touristischer Flug mit deutsch-franz\u00f6sischen Besatzungen durchgef\u00fchrt. Dabei waren kleine Aufgaben zu erledigen&hellip; <br \/> <a class=\"read-more\" href=\"https:\/\/fliegerclub.info\/?page_id=183\">Weiterlesen<\/a><\/p>\n","protected":false},"author":1,"featured_media":0,"parent":181,"menu_order":33,"comment_status":"closed","ping_status":"closed","template":"","meta":{"footnotes":""},"class_list":["post-183","page","type-page","status-publish","hentry"],"_links":{"self":[{"href":"https:\/\/fliegerclub.info\/index.php?rest_route=\/wp\/v2\/pages\/183","targetHints":{"allow":["GET"]}}],"collection":[{"href":"https:\/\/fliegerclub.info\/index.php?rest_route=\/wp\/v2\/pages"}],"about":[{"href":"https:\/\/fliegerclub.info\/index.php?rest_route=\/wp\/v2\/types\/page"}],"author":[{"embeddable":true,"href":"https:\/\/fliegerclub.info\/index.php?rest_route=\/wp\/v2\/users\/1"}],"replies":[{"embeddable":true,"href":"https:\/\/fliegerclub.info\/index.php?rest_route=%2Fwp%2Fv2%2Fcomments&post=183"}],"version-history":[{"count":2,"href":"https:\/\/fliegerclub.info\/index.php?rest_route=\/wp\/v2\/pages\/183\/revisions"}],"predecessor-version":[{"id":456,"href":"https:\/\/fliegerclub.info\/index.php?rest_route=\/wp\/v2\/pages\/183\/revisions\/456"}],"up":[{"embeddable":true,"href":"https:\/\/fliegerclub.info\/index.php?rest_route=\/wp\/v2\/pages\/181"}],"wp:attachment":[{"href":"https:\/\/fliegerclub.info\/index.php?rest_route=%2Fwp%2Fv2%2Fmedia&parent=183"}],"curies":[{"name":"wp","href":"https:\/\/api.w.org\/{rel}","templated":true}]}}

<h2 class="wp-block-heading"> AEROCLUB REIMS – FCM 2013 </h2>



<div class="wp-block-columns has-2-columns is-layout-flex wp-container-core-columns-is-layout-1 wp-block-columns-is-layout-flex">
<div class="wp-block-column is-layout-flow wp-block-column-is-layout-flow">
<figure class="wp-block-image"><img loading="lazy" decoding="async" width="300" height="225" src="http://fliegerclub.info/wp-content/uploads/2019/07/fcm-reims2013.jpg" alt="" class="wp-image-184"/></figure>
</div>



<div class="wp-block-column is-layout-flow wp-block-column-is-layout-flow">
<p>Die beiden Vereine statten sich im Jahresturnus abwechselnd einen Freundschaftsbesuch ab.&nbsp;</p>



<p>In diesem Jahr kamen die Reimser am 21. und 22. September zu uns nach Aachen.&nbsp;</p>



<p>Nach der Ankunft in EDKA und der Begrüssung im Clubheim wurde ein touristischer Flug mit deutsch-französischen Besatzungen durchgeführt. Dabei waren kleine Aufgaben zu erledigen bzw. Fragen zu beantworten.&nbsp;</p>



<p>Zum Abendessen trafen wir uns im Restaurant Albatros am Flugplatz.</p>
</div>
</div>



<p>

Am Sonntag Morgen sind wir dann nach einem gemeinsamen Frühstück im Clubheim mit dem Bus zum Kraftwerk Heimbach gefahren. Wir erlebten in diesem Jugendstil-Kraftwerk, das in den letzten Jahren auch überregional bekannt wurde durch das jährlich in der Turbinenhalle stattfindende Musikfest „Schwingungen“ eine eigene Führung. Wie es bei unseren deutsch-französischen Begegnungen so ist, übersetzte Walter Thiels den deutschen Führungstext souverän und simultan ins Französische. Alle Achtung! Danach ging es im Bus (Guido Struck) zurück und nach einem kleinen Imbiss verabschiedeten sich unsere Gäste in Richtung französische Heimat. (gs)

</p>

<p>AEROCLUB REIMS – FCM 2013 Die beiden Vereine statten sich im Jahresturnus abwechselnd einen Freundschaftsbesuch ab.&nbsp; In diesem Jahr kamen die Reimser am 21. und 22. September zu uns nach Aachen.&nbsp; Nach der Ankunft in EDKA und der Begrüssung im Clubheim wurde ein touristischer Flug mit deutsch-französischen Besatzungen durchgeführt. Dabei waren kleine Aufgaben zu erledigen&hellip; <br /> <a class="read-more" href="https://fliegerclub.info/?page_id=183">Weiterlesen</a></p>
